/(2/a)?
2
Let u(o) = o**2 + 9*o + 15. List the prime factors of u(-16).
127
What are the prime factors of (1/2)/(12/2208)?
2, 23
Let u(n) be the third derivative of 1/60*n**5 + 0 - n**2 - 7/24*n**4 + 0*n - 2*n**3. What are the prime factors of u(9)?
2, 3
Let l(q) = q - 1. Let f be l(4). Suppose -2 - 43 = -f*m. Let j = -11 + m. List the prime factors of j.
2
Let i = 172 + -120. List the prime factors of i.
2, 13
List the prime factors of -4*(-39)/6 + 0.
2, 13
Let c be 4 + -4 + 1 + -1. Suppose 7*b - 2*b + 26 = 2*v, c = 2*v + b - 50. List the prime factors of v.
23
Let o be -2 - (2 + (0 - 1)). Let r be o/(-2) - 2/4. What are the prime factors of -10*r/(4/(-6))?
3, 5
Suppose 27*q - 324 = 23*q. What are the prime factors of q?
3
Let c(b) = b**2 + 0 + 0*b - b + 2. Let l be c(0). Suppose -20 = -l*i + 5*d + 3, 3 = -3*d. What are the prime factors of i?
3
Let l(p) = -6*p + 6. Let q(v) = 5*v - 6. Let a(y) = -4*l(y) - 5*q(y). List the prime factors of a(0).
2, 3
Suppose 0 = 6*x - x - 20. Suppose -x*u - l = -3*l - 48, -l = -4*u + 48. What are the prime factors of u?
2, 3
Suppose -2*j - 3*f = -107, -3*j = j - f - 249. What are the prime factors of j?
61
Let w = -31 - -34. Let p be 278/7 - (-4)/14. Suppose -2*n - 4*y = -p, -2*y - y = w*n - 45. What are the prime factors of n?
2, 5
Let m(n) = -n**3 - n**2 - n + 9. Let d be m(0). Suppose 0 = -0*o + o - d. Suppose -c - o = 4*j, 1 = c - j - 5. What are the prime factors of c?
3
Let m(j) be the third derivative of 0 + 0*j + 1/40*j**6 - 3*j**2 - 1/3*j**3 - 1/60*j**5 - 1/24*j**4. List the prime factors of m(2).
2
Let r(d) = d**2 + 9*d - 8. Let n = -21 - -11. Let c be 1*(-1)/(-1)*n. List the prime factors of r(c).
2
Suppose -4*r + 2 = 2*p, 0 = 3*r + 4*p - 1 + 7. Let o = -10 + 7. List the prime factors of o/(-6)*r*10.
2, 5
Suppose 0 = 5*b - 4*u - 50, 4*u = -4*b + 6 + 34. Suppose 2*x + b = 4*x. What are the prime factors of x?
5
Let b(p) = 6*p**2 + 9*p - 8. Let u(j) = -5*j**2 - 8*j + 8. Let o = 0 - 4. Let z(l) = o*b(l) - 5*u(l). What are the prime factors of z(-6)?
2
What are the prime factors of (1 + 128/6)*27/9?
67
Suppose 0*z - 3*z = -9. Suppose z*x = x + 6. List the prime factors of x.
3
Let w = 49 - 25. List the prime factors of w.
2, 3
Suppose -26*t + 24*t + 72 = 0. What are the prime factors of t?
2, 3
Let i be -5*(-1)/((-10)/(-8)). Suppose 14 = -p + 5*y, -3*p - 5*y = -i*y - 22. Suppose 23 = 4*f + 3*z, -f + 3*z + 11 = -p. What are the prime factors of f?
2
What are the prime factors of 30 - 2*2/(-4)?
31
Suppose 4*x - 47 = 5. Suppose 33 - x = -5*r. Let t = 7 - r. What are the prime factors of t?
11
Let n be 36/16*(-64)/(-6). Suppose 7*l - 15 = 2*l. Suppose -l*r + n = -0*r. List the prime factors of r.
2
List the prime factors of 145 - (2 - (4 - -2)).
149
Let j(m) = -2*m**3 + m**2 + m. Let g be j(-1). Suppose 2*q - 12 = -4*w, 15 = 5*w + 2*q + q. List the prime factors of -7*(g + w/(-1)).
7
Let k(u) = -54*u - 16. List the prime factors of k(-4).
2, 5
Let m = 4 + 0. Suppose -3*a + 7*a = m. What are the prime factors of (a - -2) + (-25)/(-5)?
2
Let z(m) = -5*m + 2. Let v be z(3). Let w = v - -31. Suppose w = 4*d - 2*d. List the prime factors of d.
3
Let x(r) = -14*r + 8. Let t be x(-4). Suppose -4*p - 4*z + t = 0, -p - 5*z - 4 = -40. List the prime factors of p.
11
Let a = -543 + 787. What are the prime factors of a?
2, 61
Suppose -4*a + 0*p + 40 = 2*p, -2*p = -5*a + 50. Let u = -2 - a. List the prime factors of (9 - -1)*u/(-15).
2
Let i be 30/3 - -1 - 1. List the prime factors of (-5 + 8)/(3/i).
2, 5
Let j = 30 + -8. What are the prime factors of j?
2, 11
Suppose 4*q + 0*q = 8, q + 1918 = 4*j. Suppose 0 = -3*g - g + j. Suppose -g = -0*n - 5*n. What are the prime factors of n?
2, 3
Suppose a = -4*q + 100, 0 = -3*a + 7*a + 3*q - 387. List the prime factors of a.
2, 3
List the prime factors of 5 + -9 + 1*19.
3, 5
Let t be (-11 + 3)*(-14)/8. Suppose -v = -5*v. Suppose 2*b = -v*b + t. List the prime factors of b.
7
Let c = 6 - 7. Let h be (-1)/(2 + (-2 - c)). List the prime factors of h/3 - 20/(-6).
3
Let w = -12 - -18. Suppose w = r + r. List the prime factors of -4*(0 - 3/r).
2
Suppose -97 + 15 = -u. List the prime factors of u.
2, 41
Let y(r) = -3*r**2 - 26*r + 4. Let j(i) = i**2 + 9*i - 1. Let z(s) = 11*j(s) + 4*y(s). List the prime factors of z(-5).
5
Let i(v) = v + 3. List the prime factors of i(7).
2, 5
Suppose -2*v = 3*r + 26, 0*v + 1 = -v. Let h = r - -10. List the prime factors of h.
2
Let s = -19 - -62. Let k = s - 30. What are the prime factors of k?
13
Let j(y) = 2*y**3 - 7*y**2 - 2*y. List the prime factors of j(5).
5, 13
Let u(k) = -k**3 + 5*k**2 + 8*k - 6. Let g(w) = 2*w + 6. Let f be g(-7). Let v be 0/(-2) - f - 2. What are the prime factors of u(v)?
2, 3
Let r = 137 - 33. What are the prime factors of r?
2, 13
Let g = 1 - -2. Let k = 3 - g. Suppose 2*f - 10 - 4 = k. List the prime factors of f.
7
Suppose 2*g + 153 = 5*d, 2*d - 6*g - 70 = -3*g. What are the prime factors of d?
29
Let o be 2*3/(-2)*-2. Suppose -3*p = -o*p + 30. What are the prime factors of p?
2, 5
Suppose w + 3*g = -2*g - 12, -5*g - 6 = 3*w. Suppose 0 = 3*x - 3, x - w*x = z - 32. List the prime factors of z.
2, 3, 5
List the prime factors of (4 - 5)*-2*21.
2, 3, 7
Suppose -2*l + 5*l - 45 = 0. Let n = l + 8. What are the prime factors of n?
23
Let w(n) = 8*n**2 + 3*n + 1. Let m be w(-2). Let l(f) = -f - 5. Let j be l(-5). Suppose 2*i - 5*i + m = j. What are the prime factors of i?
3
Let d(w) = -2*w + w + 8*w**2 - 2 + 0*w. Let p be d(2). Let q = -16 + p. List the prime factors of q.
2, 3
Suppose -14 = v + 10. Let r = v - -39. What are the prime factors of r?
3, 5
Let b(r) = r + 1. Let m be (-4)/(-4)*(-4)/(-2). Let x be b(m). Suppose -4*y - 10 = -7*y - 2*a, 8 = x*y + 4*a. What are the prime factors of y?
2
Suppose -f - f - 2*b = -132, -5*f = b - 310. Let t = f - 34. List the prime factors of t.
3
Suppose 13 = -4*n + 1, 0 = h - 4*n - 27. List the prime factors of 69/(-2)*(-20)/h.
2, 23
Let o(g) = -46*g - 61. List the prime factors of o(-6).
5, 43
Let q(i) be the first derivative of 19*i**2/2 - i - 2. List the prime factors of q(1).
2, 3
Suppose 98*u - 97*u - 308 = 0. What are the prime factors of u?
2, 7, 11
Let r(i) = -3*i**2 - 6*i + 6. Let j be r(4). Let x = -47 - j. What are the prime factors of x?
19
Let z(y) = -25*y**2 + 2*y - 1. Let g be z(1). Let w = g + 38. List the prime factors of w.
2, 7
Let q = -17 + 21. What are the prime factors of q?
2
Let b(m) = -m**3 - 3*m**2 - 4*m - 2. Let l be b(-2). Suppose -l*n - 4 = -8. Suppose 3*p + n*f = 21, -2*p + 6*f = 4*f - 24. List the prime factors of p.
3
Suppose 0 = h - 2*d - 156, 6*h - 280 = 4*h - 4*d. List the prime factors of h.
2, 37
Suppose -2*n + 57 + 43 = 0. What are the prime factors of n?
2, 5
Suppose 99 = 3*d + 9. Suppose 3*q - d = -0*q. Let b = q - 7. List the prime factors of b.
3
Suppose 27*r - 2398 = 16*r. List the prime factors of r.
2, 109
Let b(g) = 8*g + 23. What are the prime factors of b(7)?
79
Suppose 2*o = 7*o - 180. Let z = 56 - o. What are the prime factors of z?
2, 5
Suppose 0 = i - l - 427, 15*i + 447 = 16*i + 3*l. List the prime factors of i.
2, 3
Let b = 26 - 48. Let g = b - -74. Suppose 2*k - 2*j - j = 29, 3*k + 4*j - g = 0. List the prime factors of k.
2
Let m(k) = k**2 - 3*k. Let d be m(7). Suppose 4*h = 5*a + d, 3*a + 8 = -h - 2. Suppose 0 = -h*q + 5*p - 2, 0 = -5*q - 0*p + p + 41. List the prime factors of q.
3
Let z(j) = -j + 5. Let d be z(0). Suppose -5*u + 40 - d = 0. What are the prime factors of u?
7
Let z = -51 + 30. List the prime factors of 1/(-1 - 24/z).
7
Suppose -5*l - 3*z = -28, -4*l + z = -4 - 15. Let k = 5 + l. List the prime factors of k.
2, 5
Let k(o) = -o**2 + 4*o - 1. Let r be k(3). Let d = -6 + r. Let c(t) = -t**3 - 4*t**2 - t. What are the prime factors of c(d)?
2
Let n be -2*3/(-12)*-26. Let h = n - -19. Let b(j) = j**2 - 3*j - 5. What are the prime factors of b(h)?
13
Let g(r) = -2*r + 4. Let o be g(3). List the prime factors of o/2 - (-70)/5.
13
Let h be (-90)/(-4) - 3/6. Let u be 3*(3 + h + -2). Suppose -6*m + u = -3*m. List the prime factors of m.
23
Suppose 0 = 4*q - q + p + 32, 5*q - p + 64 = 0. Let c = q - -23. Suppose -2*l - 6 = 0, c = -0*r + r - l. List the prime factors of r.
2
Suppose 5*i + x - 15 = -x, 3*i - 4*x - 9 = 0. S